a - 14. Let q(l) = -f(l) + 4*r(l). Give q(-12).
22
Let f(b) = 0*b**2 - 7*b**2 + 12*b**2 - 4*b**2 - 4. Determine f(0).
-4
Suppose 3*c + 21 = 4*z, z - 3*c - 6 = 6. Let p(i) = -5*i - 673. Let x(n) = -n - 96. Let y(u) = p(u) - 7*x(u). Determine y(z).
5
Let q(f) = f - 18. Suppose 3*v - 26 = 2*g, v - 7*g + 3*g = 12. Give q(v).
-10
Let s(i) = 3*i + 7. Suppose -3*r + l + 3*l - 63 = 0, -l + 37 = -2*r. Let f(q) = -8*q - 20. Let c(o) = r*s(o) - 6*f(o). Determine c(2).
-5
Let b(c) = c**3 - 5*c**2 + c - 2. Let i = 18 - -46. Let l be (i/40)/((-4)/(-10)). Give b(l).
-14
Suppose 0*w = 3*w + 2*h - 28, -48 = -5*w - 2*h. Let z(s) = -6*s - 5*s - 7 + w*s. Give z(-7).
0
Suppose 17 = b + 4*r, 2*b - 2*r = 3*b - 11. Let o(y) = 7*y - 3. Let d(w) = -3*w + 1. Let q(p) = 5*d(p) + 2*o(p). Give q(b).
-6
Let a(p) be the second derivative of -p**6/360 + p**5/60 + p**4/24 + p**3/6 - 6*p. Let o(l) be the second derivative of a(l). Calculate o(3).
-2
Let b(a) = -15*a + 479. Let x be b(32). Let g(m) = 11*m + 2. What is g(x)?
-9
Suppose 0*c - 3*c - 3*l = 42, 5*c + 4*l + 65 = 0. Let d(x) be the second derivative of -x**5/20 - 5*x**4/6 - 3*x**3/2 + 3*x**2 - 134*x + 3. Give d(c).
6
Let v(r) be the first derivative of -1/2*r**2 - 5 - 1/4*r**4 - 3*r**3 - 3*r. Give v(-9).
6
Let u(c) be the first derivative of 2/3*c**3 - c + 33 - 1/2*c**4 + 0*c**2. Give u(1).
-1
Let p(t) be the third derivative of -t**5/30 - 5*t**4/12 - 3*t**3 + 68*t**2 - 4*t. Give p(-4).
-10
Let d be (-1)/(-5)*3 + (-1568)/80. Let u(p) = -p**2 - 17*p + 39. Let b be u(d). Let f(j) = -8*j**2 - 2*j + 1. What is f(b)?
-9
Let b(y) = 4430*y - 4431*y + 2 - 8. Let v = -13 - -8. Calculate b(v).
-1
Let w be 1/(64/(-20) - -3). Let q(a) be the first derivative of -a**3/6 + 5*a**2/2 - 2*a + 4. Let x(i) be the first derivative of q(i). Determine x(w).
10
Let v be (-18)/21 + 41/7. Let o(x) = -1 - 5*x**2 + 0 + 0*x + x**3 + 5 + 3*x. What is o(v)?
19
Suppose 5*y - 9 = 3*r, -7*y + 17 = r - 2*y. Let o(d) = 3*d**2 - 5*d**2 + 3*d**2 - r*d**2 + 2 + 2*d. Calculate o(3).
-1
Let i(f) = -f**3 + 6*f**2 - 3*f + 3. Suppose -2*c + 2*k + 6 = 0, 0 = -c - 5*k - 6 + 3. Let s be (1 + 29)/(3/c). Let p = -14 + s. Determine i(p).
-15
Let c be (-6)/8 - 3/(-4). Let y(g) be the second derivative of c - 1/20*g**5 + g + 2/3*g**3 + 1/3*g**4 + 5/2*g**2. What is y(5)?
0
Let u(j) be the second derivative of j**4/12 + 5*j**3/6 + 4*j**2 - 192*j. What is u(-7)?
22
Suppose 45*g - 32 = 29*g. Let q(b) = 36*b - 7*b**g + 42*b - 79*b. Suppose -f + 6 = -5*m, -4*m - 5 = -1. Calculate q(f).
-8
Let g(q) = -13*q - 89. Let o(i) = 12*i + 79. Let f(p) = -8*g(p) - 9*o(p). Give f(5).
-19
Let l(a) be the second derivative of 0 + 0*a**2 - 4*a - 1/6*a**3. What is l(-7)?
7
Let n be (-3)/15*(-3 + 5 - 7). Let m(h) = -51*h**2 - 2*h + 1. Determine m(n).
-52
Let q(p) = -5*p + 6. Let o(v) = v - 1. Suppose -2 = -4*r + 2. Let a(n) = r*q(n) + 4*o(n). Suppose -279*b + 292*b = 78. Determine a(b).
-4
Let w(v) = -v + 2. Let m(d) = 3 + 10 + 4*d - 4*d - d. Let t be m(12). Let a be (t - -3) + -1 + 0. Calculate w(a).
-1
Let v(h) = h + 19. Let l be v(-19). Suppose l = 3*x + 4*k - 11, -6 = -4*x + 2*k + 16. Let w(q) = q**2 + 4*q - x*q + q + 6*q - 1. What is w(-4)?
-9
Let u(k) = k**3 - 9*k**2 + 8*k - 3. Let r be -4 - 85/(-10)*2. Suppose -r = -y + h, -5*y + 60 = h - 5*h. Calculate u(y).
-3
Let j(n) = 2*n**3 - 3*n**2 + 2*n - 3. Let p be (2/(-8) - 51/340)*-5. Determine j(p).
5
Suppose 0 = 5*g - 20, -j - 18 = -19*g + 17*g. Let l(k) = -k**2 - 10*k + 3. Calculate l(j).
3
Let u(n) = 4*n**2 + 3*n - 4. Let f(k) = -5*k - 147. Let g be f(-30). Give u(g).
41
Let x(n) = -n**3 - 5*n**2 - 4*n - 6. Suppose 20 = 5*p, -3*r = -2*p + 4*p - 107. Let u = r - 32. Let c be u/((-15)/6)*10. Give x(c).
-6
Let a(l) be the first derivative of 7*l**3/3 + l**2/2 - l + 113. Calculate a(1).
7
Let s(p) = -p**3 + 2*p**2 + p + 1. Suppose -45*c + 137 = 47. Give s(c).
3
Let j be 3 + (-28)/8 + 3/6. Let t(g) = g**3 - g + 40. Determine t(j).
40
Let h(b) = -4*b**2 - b. Let f be (-10)/(-4)*((-192)/15 - -12). Calculate h(f).
-14
Let s be (2/(-6))/((-5)/45). Suppose a = 4*w - 3*w - 2, s*w = -4*a + 20. Let i(q) = q**3 - 3*q**2 - 5*q - 1. What is i(w)?
-5
Suppose -3*u + 36 = -90. Suppose -g = -4*g + 6, -u = 5*a - g. Let p(y) = -y**2 - 8*y + 7. Let j be p(a). Let t(r) = r**3 - 8*r**2 + 9*r - 9. Calculate t(j).
5
Let y = -13 + 10. Let v(c) = c**2 + 3*c + 3. Let x be v(y). Let u(n) = x - 6 - 1 - n. Determine u(0).
-4
Let c(j) = j**3 - 5*j**2 + 3*j + 2. Suppose 8*k + p = 11*k + 52, -3*p = -2*k - 44. Let n be (-158)/(-8) + (-1)/(-4). Let t = n + k. Determine c(t).
-2
Let w(r) = r**2 - 2*r + 1. Let s be (-2 - 3) + (-1 - -4). Let n be s - (-3 + 6/(-2)). Suppose n*a = -a + 10. Give w(a).
1
Let z = -1443 + 1445. Let q(p) be the third derivative of 1/120*p**6 + 0 + 1/3*p**3 + 1/24*p**4 + 0*p + 10*p**z - 1/12*p**5. Give q(4).
-10
Let b(q) = 3 - 5*q**2 + 3 - 1 - 5*q + 4*q**2. Calculate b(-5).
5
Let u(z) = 4 + 7 - 21 + 1 - 2 - 2*z. Calculate u(-11).
11
Let w(r) = r**2 - r - 5. Suppose -5*s + 3*s + 4 = 0. Determine w(s).
-3
Let m(u) be the third derivative of -u**6/120 + u**5/15 + u**4/4 - u**3/6 + 2*u**2 + 13*u. Calculate m(4).
23
Let l(r) = -4*r + 5. Suppose 0 = -6*n + 40 + 8. Let d be (-1)/(-2) + -1 + 36/n. Give l(d).
-11
Let t(l) be the second derivative of -l**3/3 + 2*l**2 + l. Let x(j) = -j**3 - 11*j**2 - 21*j - 24. Let m be x(-9). Calculate t(m).
-2
Let s(p) = 29*p + 54. Let w be s(-2). Let b(u) = -u**2 - 3*u + 5. Determine b(w).
1
Suppose -z = 2*z - 36. Let c(u) = -19*u**2 + 14*u**2 + z*u**2. Let x be (-1)/3 - 16/(-12). Give c(x).
7
Let y be (9/6)/((-1)/(-2)). Suppose 0 = y*l + 4*a - a - 3, 0 = -2*l + 4*a + 8. Let v(s) = -s + 2*s + s**l + s**2 + s. Calculate v(2).
12
Let s be 606/(-8) + 25/(-100). Let a = s + 73. Let y(f) = -f**3 - 3*f**2 + 3*f - 4. What is y(a)?
-13
Let l(p) = -3*p**3 + 13*p**3 + 0*p - 11*p**3 + 6 - 7*p**2 - 11*p. Give l(-4).
2
Let z(v) = 4 + 8*v - 5 + v**2 + 3 - 9 - 10. Give z(-10).
3
Let h(j) be the third derivative of -j**6/120 + j**5/10 - j**4/4 + j**3/3 - 154*j**2. Calculate h(5).
-3
Let d be 2 - 0/(3 + 0). Let s(j) be the third derivative of -j**6/120 + j**5/12 - j**4/12 + j**3/6 - 7*j**2 - j. Determine s(d).
9
Let x(m) = 0*m + 4*m - 3*m. Let r(n) = -3*n + 2. Let a(l) = -r(l) - 4*x(l). Suppose 68*h = 20*h. Determine a(h).
-2
Let w(t) = 7 - t + 6*t - t**2 - 8 + 2*t + 10. Give w(8).
1
Let s(r) be the first derivative of r**3/3 - r**2/2 + 2*r - 70. Give s(3).
8
Let p(g) = 3*g**2 + 3*g + 3*g**2 - 4*g - 7*g**2. Let f be p(-3). Let y be 4/f*(7 + -4). Let h(o) = o**3 + 2*o**2 - o. Determine h(y).
2
Suppose 77*p + 27 = 86*p. Let w(u) = u**2 - 4*u + 2. Calculate w(p).
-1
Let f(g) be the first derivative of g**4/4 + 2*g**3 + g**2 - 7*g - 68. What is f(-5)?
8
Let h(j) = 2*j - 2. Suppose -37 = -4*m + 7. Suppose 5*b + m = 1. Give h(b).
-6
Let k(q) be the third derivative of -q**6/60 - q**5/20 - q**4/12 - q**3/3 - q**2 + 127*q. Give k(-2).
6
Let q(v) = -v - 1. Let y(n) = -n**3 + 7*n**2 - 4*n - 9. Let k be y(6). Suppose 2*x + 3*p + 1 = -k, 3*x + 3*p = -3. Determine q(x).
-2
Let l be (-24)/4*((-20)/8 - -4). Let f(y) = y**3 + 10*y**2 + 8*y - 12. Determine f(l).
-3
Suppose -5*b + 3*b = 8. Let i = 161 + -158. Let m(k) = -5*k**3 + 3*k**3 - 160*k - 3*k**2 + k**i + 3 + 164*k. What is m(b)?
3
Let s(r) = -4*r - 4 + r - 2*r**2 + 1. Suppose -3*n - 12 = 0, 113*q - 2*n - 16 = 117*q. What is s(q)?
-5
Let k(y) be the third derivative of -y**7/5040 + y**6/90 + y**5/6 - 13*y**2. Let a(t) be the third derivative of k(t). Give a(7).
1
Let t(c) = -4*c**3 + 3*c**3 + 1610*c + c**2 - 1 - 1606*c. Determine t(3).
-7
Let z(r) = -4*r - 54. Let c(q) = q**3 - 8*q**2 + 15*q - 32. Let s be c(6). Calculate z(s).
2
Let t(v) be the second derivative of -v**4/12 - v**3/6 + 5*v**2/2 - 5*v - 12. Let l be ((-1)/3)/((-2)/(-24)). Give t(l).
-7
Suppose -2*p + 15 = -3*p - 5*a, 4*a = -4*p + 4. Let c(m) = 3*m - 5 + 0*m - m**2 + 4*m. Calculate c(p).
5
Let l = 3 - 1. Let q(m) = 3 + m**2 - 3*m - l - 2*m**2. Let w = -1141 - -1135. Calculate q(w).
-17
Let t be 1*4 - (2 + -1). Suppose -5*l = -32 - t. Let i(x) be the first derivative of -x**2 + 8*x - 9. Determine i(l).
-6
Let b(s) = s**3 + 9*s**2 - s - 1. Let k be ((-4)/(-12) - 4/(-24))*-18. What is b(k)?
8
Let v(x) be the second derivative of x**5/